 divided by 675768?
8
Calculate the remainder when 519529371 is divided by 79.
12
What is the remainder when 800571 is divided by 597?
591
Calculate the remainder when 52811 is divided by 5704.
1475
What is the remainder when 2713234 is divided by 58?
52
Calculate the remainder when 40111 is divided by 45.
16
What is the remainder when 494632 is divided by 44966?
6
What is the remainder when 2586030 is divided by 316?
202
Calculate the remainder when 3553414 is divided by 5962.
62
What is the remainder when 32709858 is divided by 133?
104
What is the remainder when 57630 is divided by 594?
12
What is the remainder when 149466666 is divided by 508390?
6
Calculate the remainder when 1480432 is divided by 511.
65
Calculate the remainder when 13736332 is divided by 5477.
16
Calculate the remainder when 150324 is divided by 108.
96
What is the remainder when 9157955 is divided by 166508?
15
What is the remainder when 30723 is divided by 50?
23
Calculate the remainder when 1207468 is divided by 20.
8
Calculate the remainder when 180249667 is divided by 5245.
5242
Calculate the remainder when 33475 is divided by 33003.
472
Calculate the remainder when 7541517 is divided by 168.
165
What is the remainder when 1671297 is divided by 225?
222
Calculate the remainder when 222299 is divided by 44319.
704
Calculate the remainder when 249634 is divided by 27733.
37
Calculate the remainder when 59707 is divided by 11866.
377
Calculate the remainder when 170974 is divided by 9.
1
What is the remainder when 15143944 is divided by 1010?
4
Calculate the remainder when 37347143 is divided by 166.
131
Calculate the remainder when 56398 is divided by 3909.
1672
What is the remainder when 964446 is divided by 10970?
10056
What is the remainder when 366780 is divided by 52280?
820
What is the remainder when 150974 is divided by 404?
282
Calculate the remainder when 147244 is divided by 4896.
364
What is the remainder when 635267 is divided by 98?
31
Calculate the remainder when 41903 is divided by 403.
394
Calculate the remainder when 2831922 is divided by 326.
286
Calculate the remainder when 63491240 is divided by 21163745.
5
What is the remainder when 5143662 is divided by 1714544?
30
Calculate the remainder when 1311818 is divided by 67.
25
Calculate the remainder when 4312917 is divided by 283.
280
What is the remainder when 117051 is divided by 115102?
1949
What is the remainder when 61863 is divided by 7448?
2279
Calculate the remainder when 46027121 is divided by 2422480.
1
Calculate the remainder when 35667002 is divided by 9974.
9952
What is the remainder when 497801 is divided by 55306?
47
Calculate the remainder when 301487 is divided by 1373.
800
What is the remainder when 6886937 is divided by 30?
17
Calculate the remainder when 4089734 is divided by 1062.
1034
Calculate the remainder when 14790359 is divided by 1344578.
1
What is the remainder when 22117956 is divided by 163?
160
What is the remainder when 32464 is divided by 14857?
2750
Calculate the remainder when 10687581 is divided by 2510.
1
What is the remainder when 49476173 is divided by 8246026?
17
What is the remainder when 192859 is divided by 9650?
9509
What is the remainder when 229689 is divided by 57383?
157
What is the remainder when 3677691 is divided by 12?
3
What is the remainder when 1118100 is divided by 2582?
94
What is the remainder when 98156 is divided by 14021?
9
What is the remainder when 27038501 is divided by 26379?
26
What is the remainder when 1160248 is divided by 15067?
89
Calculate the remainder when 315530 is divided by 28679.
61
Calculate the remainder when 411550 is divided by 2541.
2449
What is the remainder when 133504302 is divided by 10269561?
9
What is the remainder when 11729791 is divided by 27928?
31
Calculate the remainder when 44123 is divided by 22047.
29
What is the remainder when 43866 is divided by 9707?
5038
Calculate the remainder when 1728416 is divided by 24.
8
What is the remainder when 9222820 is divided by 3074265?
25
What is the remainder when 8305288 is divided by 101284?
0
Calculate the remainder when 6292542 is divided by 35.
32
What is the remainder when 729058 is divided by 182249?
62
Calculate the remainder when 49213916 is divided by 24606954.
8
Calculate the remainder when 709805 is divided by 67.
7
What is the remainder when 33679334 is divided by 2708?
2646
Calculate the remainder when 219115413 is divided by 2101.
22
Calculate the remainder when 3066268 is divided by 3790.
158
Calculate the remainder when 107928 is divided by 1321.
927
Calculate the remainder when 5999992 is divided by 74.
72
What is the remainder when 1644974 is divided by 102801?
158
What is the remainder when 651033 is divided by 470?
83
What is the remainder when 1546318 is divided by 11625?
193
Calculate the remainder when 597239 is divided by 1429.
1346
What is the remainder when 1498206 is divided by 15?
6
Calculate the remainder when 286920 is divided by 95586.
162
What is the remainder when 4538722 is divided by 3631?
3603
Calculate the remainder when 477905 is divided by 25150.
55
Calculate the remainder when 6377560 is divided by 305.
10
What is the remainder when 150725 is divided by 3214?
2881
Calculate the remainder when 588641327 is divided by 196213772.
11
Calculate the remainder when 23987854 is divided by 11993927.
0
Calculate the remainder when 377852 is divided by 792.
68
Calculate the remainder when 32097401 is divided by 3106.
3103
What is the remainder when 6548748 is divided by 28?
24
Calculate the remainder when 56117593 is divided by 961.
959
What is the remainder when 370057 is divided by 36915?
907
What is the remainder when 307877 is divided by 1262?
1211
Calculate the remainder when 213782 is divided by 21352.
262
What is the remainder when 15639448 is divided by 1289?
11
Calculate the remainder when 42924 is divided by 14152.
468
Calculate the remainder when 28818801 is divided by 153.
27
Calculate the remainder when 93848 is divided by 2275.
573
Calculate the remainder when 29531937 is divided by 240097.
6
What is the remainder when 74622 is divided by 7451?
112
What is the remainder when 147660 is divided by 147651?
9
Calculate the remainder when 124919 is divided by 380.
279
What is the remainder when 25044270 is divided by 246?
240
What is the remainder when 137657 is divided by 2713?
2007
What is the remainder when 20134503 is divided by 107?
99
What is the remainder when 11733125 is divided by 748?
745
What is the remainder when 9511180 is divided by 139?
105
Calculate the remainder when 58355838 is divided by 16.
14
Calculate the remainder when 355564244 is divided by 43.
39
What is the remainder when 51797364 is divided by 875?
864
Calculate the remainder when 9401260 is divided by 5722.
14
What is the remainder when 2630683 is divided by 219221?
31
What is the remainder when 317527 is divided by 4120?
287
What is the remainder when 58409620 is divided by 1965?
1960
What is the remainder when 189823 is divided by 2163?
1642
Calculate the remainder when 564812 is divided by 85.
72
Calculate the remainder when 96182 is divided by 161.
65
Calculate the remainder when 24856 is divided by 21804.
3052
What is the remainder when 12696753 is divided by 13?
4
Calculate the remainder when 769546 is divided by 256479.
109
What is the remainder when 2872066 is divided by 414?
148
What is the remainder when 100168 is divided by 873?
646
What is the remainder when 237609 is divided by 285?
204
What is the remainder when 695494 is divided by 51?
7
What is the remainder when 10608016 is divided by 840?
496
Calculate the remainder when 3408747 is divided by 8334.
141
Calculate the remainder when 11845317 is divided by 3948424.
45
Calculate the remainder when 25695821 is divided by 397.
393
What is the remainder when 538967 is divided by 26?
13
What is the remainder when 18690 is divided by 8299?
2092
What is the remainder when 18153274 is divided by 6051066?
76
Calculate the remainder when 2876498 is divided by 32686.
130
Calculate the remainder when 19404720 is divided by 7.
6
Calculate the remainder when 29568600 is divided by 2281.
2278
What is the remainder when 32168681 is divided by 269?
47
What is the remainder when 9320761 is divided